n - 7. Calculate o(g).
3
Let r(g) = g**3 - 6*g**2 - 7*g - 2. Suppose 2*s = 5*s + 9, -s = 4*f - 29. Suppose -7 - f = -3*o. Suppose o*c = 12*c - 49. Calculate r(c).
-2
Let p(f) = -f**3 + 7*f**2 + f - 4. Let x be p(7). Let s(n) = -8*n**2 - x - 5*n + 2*n**2 + 2*n**2 + n**2. Determine s(-3).
-15
Let l(w) = 163*w - 183*w + 8 - 49 - w**2. Give l(-17).
10
Let d(l) be the second derivative of l**6/360 + l**5/60 - l**4/4 + 2*l**3/3 + 3*l. Let g(f) be the second derivative of d(f). Give g(-5).
9
Let f(h) = 5*h + 20*h**3 + 2*h**2 + 0*h - 21*h**3 - 3. Let x be f(3). Let n(u) = 5*u + 5*u - 3*u - 1 - x*u. Calculate n(1).
3
Let n(d) = -6 + 1 + 20*d - 45*d + 23*d. Let m be 3/((-5)/(10/3)). Let q(c) = c**3 + 2*c**2 + 3*c + 1. Let z be q(m). Calculate n(z).
5
Let p be -13 + (2/(-1) - -2). Let k = p + 17. Let d(w) = -w**2 - 3*w + 7*w + k*w + 2. Determine d(6).
14
Let p(c) be the first derivative of c**4/4 - 4*c**3/3 + c**2 - 5*c - 291. What is p(4)?
3
Let s(k) be the second derivative of -k**4/12 + 4*k**3/3 - 3*k**2/2 + 14*k - 2. What is s(5)?
12
Let l(b) = -6*b**2 + 5*b + 3. Let v(c) = -5*c**2 + 4*c + 3. Let i(n) = 4*l(n) - 5*v(n). Suppose 4*m = 3*m - 5*d + 5, 2*d = -5*m + 2. Determine i(m).
-3
Let b(j) = 11*j**2 - j. Let q(w) = w**2 + 4*w - 79. Let l be q(7). Determine b(l).
46
Let x(u) = -4*u - 4. Suppose -d = -3*v - 11, 0*v - 3*v - 19 = d. Let i = 7 + d. What is x(i)?
-16
Let r(d) = d**2 + 11*d + 2. Let i(j) = -2*j**3 - 10*j**2 - 3*j + 10. Let l be i(-4). Give r(l).
-8
Let q(j) = -j**3 + 5*j**2 + j - 5. Suppose -11*y - 6*y = -68. Give q(y).
15
Let w(a) = 3 + 34*a + 5*a**2 + a**3 + 31*a - 60*a. Let b = 3 - 2. Let m = b - 5. Give w(m).
-1
Let j(v) be the third derivative of v**6/120 - v**5/30 + v**4/8 - 5*v**3/6 - 681*v**2. Determine j(4).
39
Let x(i) = -i**3 - 8*i**2 - 5*i + 8. Let v be -1 - -38 - (-3 - 1). Suppose 5*r = -3*y - 41, -v = 5*y - r - 10. What is x(y)?
-6
Let l be 20*6/12 + -16. Let p(a) = -2*a**3 - 11*a**2 + 4*a - 9. Determine p(l).
3
Let a(h) = -h + 4. Let m be a(4). Suppose 4*v - 2*d + 2 = 0, -3*v + m*d = d - 11. Let b(k) = -6 + 3 + 6 + k**v - k + 2*k. Give b(0).
3
Let n(b) be the third derivative of b**6/120 + b**5/60 - b**4/24 - 5*b**3/6 + b**2. Let t(m) = m**2 - 70*m - 71. Let f be t(71). Determine n(f).
-5
Let h(o) = -o**2 + o - 1. Let z be (-8)/12*-3 + 1. Suppose 0*p - 12 = 2*c - z*p, -2*p + 8 = -2*c. Suppose -2*k + 0 - 4 = c. Give h(k).
-7
Let s(l) = -2*l - 20. Suppose 135 = 37*h - 46*h. Give s(h).
10
Let r(j) be the third derivative of j**4/6 - 5*j**3/2 + 101*j**2. Give r(5).
5
Let q(l) = l**3 - 8*l**2 - 2*l + 19. Let k = -1289 + 1297. What is q(k)?
3
Let z(g) = 1 + 127*g + 109*g - 258*g. Give z(-1).
23
Let i(l) = 4*l**3 + 7*l**2 + 6*l - 8. Let g(b) = -3*b**3 - 6*b**2 - 4*b + 6. Let h(o) = 5*g(o) + 4*i(o). Determine h(3).
19
Let k(g) = 7*g - 2. Suppose -5 = -0*y + y. Let n be (0 + -3)*(4 + y). Suppose -l - 1 = -n. Give k(l).
12
Let t(h) = h**3 + 12*h**2 + 9*h - 14. Let s = -88 - -77. What is t(s)?
8
Let f be (-3)/9*3*-2. Suppose -3*z + 8 = -d, -3*d + 4*z - 11 = -f. Let x(r) = 7*r. Determine x(d).
7
Let a(f) = -7*f**2 - f + 17. Let p be a(0). Suppose 0 = 9*o - p - 10. Let i(u) = -2*u - 1. Give i(o).
-7
Let y be (8/(-12))/((-2)/(-18)). Let i(l) = -6*l - 10. Let a(j) = 7*j + 12. Let f(q) = y*i(q) - 5*a(q). What is f(-6)?
-6
Suppose -4*y = -5*m + 3 - 2, -4*m = 5*y - 50. Let h(p) = -p + 1. Calculate h(y).
-5
Let r be (-3)/(-9)*-30*(-4 + 3). Suppose 0 = -r*c + 9*c - 1. Let m(x) be the second derivative of -x**4/12 + x. What is m(c)?
-1
Let f(j) = 2*j - 17*j + 2*j + 14*j - 41 + j**2. Calculate f(-7).
1
Suppose 2*s + a = 6, 4*a = -3*s + 5*a + 4. Let m be (-15)/10*(-4)/s. Let k(g) = 4*g**3 + g**3 + 5*g**3 + 3*g**m - g. Calculate k(-1).
-12
Let j(f) = -f**2 + 7*f - 1. Suppose 24 = a + 3*a. Suppose i - a*i + 2*t + 28 = 0, 4*t + 24 = 2*i. Let u = i + 3. Determine j(u).
-1
Let o = 83 + -144. Let v = 58 + o. Let j(p) = 2*p + 1. What is j(v)?
-5
Let q be 209/(-44)*-1 - 15/(-12). Let j(g) be the first derivative of g**2 + 17*g - 1. Let h(n) = n + 9. Let k(f) = q*j(f) - 11*h(f). Calculate k(-6).
-3
Let x(j) = j**2 - 4*j + 1. Let m = -35 + 34. Let i be 3 + 6 + 4*m. Determine x(i).
6
Let l be (27 + -2)*1 - -3. Let z be (l/21)/(4/18). Let h(r) = -12 + 0*r + 2*r - 7 + 10. What is h(z)?
3
Let c(i) be the third derivative of i**6/120 + i**5/15 - i**3/3 - 2*i**2. Let v(m) = m - 4. Let z be v(6). Let t be 0/(z - 1) - 4. Determine c(t).
-2
Let h(b) be the second derivative of b**5/20 - 5*b**4/6 - 11*b**3/6 - 5*b**2/2 + 2*b - 224. Determine h(11).
-5
Let r be 20/(-8)*(-30)/25. Suppose r*u = 3*a, -4*a = 5*u + 21 + 15. Let s(i) = i + 5. Calculate s(u).
1
Suppose 0 = 3*p - 2*p + g + 142, 4*p + 3*g + 563 = 0. Let d = 142 + p. Let f(u) = u**3 - 6*u**2 + 4*u + 4. What is f(d)?
-1
Suppose -1568*j = -1569*j + 11. Let t(i) = i**3 - 10*i**2 - 13*i + 6. Determine t(j).
-16
Let r(y) = 2*y - 5. Let j = 19 - 17. Suppose 4*s - 12 = j*s. Give r(s).
7
Let c(j) be the third derivative of 19*j**2 + 0 + 4/3*j**3 + 0*j + 1/24*j**4. Give c(-9).
-1
Suppose 6 = -2*q + 18. Let i be (-2 - q/(-2)) + 2. Let o(k) = -4*k + 3 + 0*k - i*k + 4*k. Calculate o(4).
-9
Let i(a) = a + 12. Let m(k) = k + 10. Let y(f) = 5*i(f) - 6*m(f). Let v be 2/((9/(-3))/(-3)). What is y(v)?
-2
Let r(t) = 12*t + 5 + 5 - 868*t**3 - 4 + 869*t**3 - 14*t**2. Give r(13).
-7
Let z(i) = 7*i + 58. Let r be z(-8). Let y(x) = 7*x - 2. What is y(r)?
12
Suppose 0*t - t = -5. Suppose 0 = -t*q + 4*y + 15, -5*y = 2*q - 0*q - 39. Suppose -q*r = -4*r. Let z(v) = -v**2 + v + 1. Calculate z(r).
1
Suppose -2*x - 1 = 11. Let z(m) = m**2 + 2*m - 11. Let h(s) = s**2 + 3*s - 10. Let q(k) = 4*h(k) - 3*z(k). What is q(x)?
-7
Let o(j) = -j. Let y(f) = -3. Let h(p) = -2*o(p) + y(p). Determine h(-7).
-17
Let d(k) = 1 - 14*k - 8*k + 23*k. Calculate d(-2).
-1
Let f(g) = g**3 - 16*g**2 - 18*g + 24. Let k be f(17). Let u(z) = -2 + 12*z - k*z - 9*z + 1. Calculate u(-2).
7
Let g(z) = -z**2 + 22*z - 104. Let j be g(8). Let t(n) = -n**2 + 9*n - 5. Give t(j).
3
Let i(n) = n**2 - 2*n. Suppose -31*b = -7*b + 48. Give i(b).
8
Let i(u) = -u**2 + u - 4. Let g = -15 - -17. Let p be 0 + -14*g/(-4). Suppose w + 2*y + 10 = 0, w - 3*y - 8 = p. Determine i(w).
-4
Suppose 0 = -5*r - 2*s + 6 + 2, 2*r - 3 = -s. Suppose c - 6 = -w, -w - 3*w + r*c = -24. Let o(p) = -p**3 + 7*p**2 - 8*p + 7. Give o(w).
-5
Let w be (-6)/(-12)*(-12)/(-1). Let p = -2 - -4. Let n(t) = 3*t**2 + 7*t - 2 - 14*t**p + 10*t**2. Calculate n(w).
4
Let p(m) = -2*m - 3. Suppose 0 = -4*j - 8. Calculate p(j).
1
Let l(x) be the second derivative of -x**5/60 + x**4/8 - x**2/2 - x. Let h(n) be the first derivative of l(n). Suppose -60 = -7*t - 8*t. Calculate h(t).
-4
Suppose -4*l = 3*u - 11, 0*l = 2*u + 4*l - 10. Let t(v) = -1 - 5 - 3 - 9*v + 10. Calculate t(u).
-8
Let d be (44/66)/(2/(-21)). Let p(c) = -2*c - 5. Give p(d).
9
Suppose 0 = 5*m + 3*c - 12, 5*m + 9*c - 4*c - 10 = 0. Let g(x) = 368*x**3 - 16 + x**2 + 375*x**3 - 742*x**m. What is g(0)?
-16
Let j(a) be the first derivative of 3*a**3 + 1/4*a**4 + 6*a - 14 + 9/2*a**2. Determine j(-8).
-2
Suppose -5*q = -13*q. Let w(u) = -u + 18. What is w(q)?
18
Let h(q) = -2*q**2 - q - 4. Let r(j) = -108*j + 219. Let t be r(2). Give h(t).
-25
Suppose -4*i = 1193 + 39. Let x be i/(-49) + 6/(-21). Let r(a) = -a**2 + 4*a - 6. Give r(x).
-18
Let n(t) = -4*t + 4. Let l(r) = r**3 - 4. Let o be l(2). Suppose 3*u + v - 22 = -4*v, -4*v + o = -u. Determine n(u).
-12
Suppose -3 = 5*s + 2. Let r(v) = -8*v**3 - 7*v**2 + 10*v - 3. Let f(b) = -12*b**3 - 11*b**2 + 16*b - 5. Let n(k) = 5*f(k) - 8*r(k). Give n(s).
-4
Let a(u) = -8*u - 10. Let v(g) = 3*g + 5. Let h(r) = -2*a(r) - 5*v(r). Give h(7).
2
Let y(r) = -7*r + 2. Let c(q) = -48*q + 15. Let t(k) = 4*c(k) - 27*y(k). Let b = -96 - -100. What is t(b)?
-6
Suppose -14*y = 47 + 65. Let h(i) = 2*i + 20. Calculate h(y).
4
Let a(f) = -3*f - 5. Let i(p) = -7*p - 9. Let v(n) = 9*a(n) - 4*i(n). Let t be 1/(-4 + 7 + -4) + 8. What is v(t)?
-2
Let r(x) = 4*x - 4. Let d = -83 + 74. Let y be d*(-3)/9 - -1. Calculate r(y).
12
Let v(p) be the third derivative of -p**7/2520 - p**6/240 + p**5/30 - 17*p**4/24 + 12*p**2. Let c(l) be the second derivative of v(l). Calculate c(-3).
4
Let q(f) = f + 4 + 0*f + 6. Let v be q(-12). Let i be v*(-3)/1 